{"id":63920,"date":"2017-05-16T09:41:09","date_gmt":"2017-05-16T12:41:09","guid":{"rendered":"http:\/\/www.encontrapinheiros.com.br\/pinheiros\/?page_id=63920"},"modified":"2017-06-22T11:05:35","modified_gmt":"2017-06-22T14:05:35","slug":"crianca-ecologica-parque-villa-lobos","status":"publish","type":"page","link":"https:\/\/www.encontrapinheiros.com.br\/pinheiros\/crianca-ecologica-parque-villa-lobos\/","title":{"rendered":"Crian\u00e7a Ecol\u00f3gica Parque Villa-Lobos em Pinheiros"},"content":{"rendered":"<p>O <strong>Crian\u00e7a Ecol\u00f3gica Parque Villa-Lobos<\/strong> foi inaugurado no dia 19 de mar\u00e7o de 2009, com a inaugura\u00e7\u00e3o do Espa\u00e7o Villa Ambiental, no Parque Villa-Lobos.<\/p>\n<p>O projeto, um dos 21 projetos ambientais estrat\u00e9gicos da Secretaria do Meio Ambiente do Estado de S\u00e3o Paulo, leva de maneira divertida e interativa a educa\u00e7\u00e3o ambiental para as salas de aula paulistas.<\/p>\n<p><img loading=\"lazy\" decoding=\"async\" class=\"alignnone wp-image-63921 size-full\" title=\"crianca ecologica parque villa-lobos pinheiros\" src=\"http:\/\/www.encontrapinheiros.com.br\/pinheiros\/wp-content\/uploads\/2017\/05\/crianca-ecologica-parque-vi.jpg\" alt=\"crianca ecologica parque villa-lobos pinheiros\" width=\"680\" height=\"189\" srcset=\"https:\/\/www.encontrapinheiros.com.br\/pinheiros\/wp-content\/uploads\/2017\/05\/crianca-ecologica-parque-vi.jpg 680w, https:\/\/www.encontrapinheiros.com.br\/pinheiros\/wp-content\/uploads\/2017\/05\/crianca-ecologica-parque-vi-300x83.jpg 300w\" sizes=\"auto, (max-width: 680px) 100vw, 680px\" \/><\/p>\n<p>No projeto, crian\u00e7as de 8 a 10 anos do Ensino Fundamental I s\u00e3o sensibilizadas sobre toda a agenda ambiental, que foi divida em cores:<\/p>\n<ul>\n<li>Agenda Azul: relacionada \u00e0s \u00e1guas, nascentes, rios, lagoas, mares e oceanos<\/li>\n<li>Agenda Verde: que diz respeito \u00e0s plantas e \u00e1rvores, \u00e0s florestas e os campos, al\u00e9m dos animais que vivem na natureza.<\/li>\n<li>Agenda Cinza: aborda os problemas causados pela polui\u00e7\u00e3o, o lixo, o esgoto, a fuma\u00e7a da chamin\u00e9 e do escapamento do carro.<\/li>\n<li>Agenda Amarela: aquela, como no sem\u00e1foro, que chama a aten\u00e7\u00e3o e faz um alerta para o futuro, mostrando os bons h\u00e1bitos necess\u00e1rios para proteger o planeta Terra.<\/li>\n<\/ul>\n<h3>Endere\u00e7o e Telefone Crian\u00e7a Ecol\u00f3gica Parque Villa-Lobos<\/h3>\n<ul>\n<li>Avenida Professor Fonseca Rodrigues, 2001\u00a0 Pinheiros &#8211; S\u00e3o Paulo &#8211; SP<\/li>\n<li>Telefone: (11)\u00a03023-0316<\/li>\n<\/ul>\n<h4>Outras informa\u00e7\u00f5es:<\/h4>\n<ul>\n<li>Mais informa\u00e7\u00f5es:\u00a0<a href=\"http:\/\/www.ambiente.sp.gov.br\/parquevillalobos\/educacao-ambiental\/\" target=\"_blank\" rel=\"noopener noreferrer\">www.ambiente.sp.gov.br\/parquevillalobos\/educacao-ambiental<\/a><\/li>\n<\/ul>\n<h3>Mapa de localiza\u00e7\u00e3o:<\/h3>\n<a class=\"wp-colorbox-iframe\" href=\"https:\/\/www.google.com\/maps\/embed?pb=!1m14!1m8!1m3!1d14630.52266362131!2d-46.720578!3d-23.5457827!3m2!1i1024!2i768!4f13.1!3m3!1m2!1s0x00x6f6b8e0ec9daadd1!2sParque+Villa-Lobos!5e0!3m2!1spt-BR!2sbr!4v1494938433691\"><img decoding=\"async\" src=\"http:\/\/www.encontrapinheiros.com.br\/pinheiros\/wp-content\/uploads\/2017\/05\/mapa5-e1494875223595.png\"><\/a>\n","protected":false},"excerpt":{"rendered":"<p>O Crian\u00e7a Ecol\u00f3gica Parque Villa-Lobos foi inaugurado no dia 19 de mar\u00e7o de 2009, com a inaugura\u00e7\u00e3o do Espa\u00e7o Villa Ambiental, no Parque Villa-Lobos. O projeto, um dos 21 projetos ambientais estrat\u00e9gicos da Secretaria do Meio Ambiente do Estado de S\u00e3o Paulo, leva de maneira divertida e interativa a educa\u00e7\u00e3o ambiental para as salas de aula paulistas. No projeto, crian\u00e7as de 8 a 10 anos do Ensino Fundamental I s\u00e3o sensibilizadas sobre toda a agenda ambiental, que foi divida em cores: Agenda Azul: relacionada \u00e0s \u00e1guas, nascentes, rios, lagoas, mares e oceanos Agenda Verde: que diz respeito \u00e0s plantas e <\/p>\n","protected":false},"author":1,"featured_media":0,"parent":0,"menu_order":0,"comment_status":"open","ping_status":"closed","template":"","meta":{"footnotes":""},"class_list":["post-63920","page","type-page","status-publish","hentry"],"yoast_head":"<!-- This site is optimized with the Yoast SEO plugin v26.9 - https:\/\/yoast.com\/product\/yoast-seo-wordpress\/ -->\n<title>Crian\u00e7a Ecol\u00f3gica Parque Villa-Lobos<\/title>\n<meta name=\"description\" content=\"Tudo sobre o Crian\u00e7a Ecol\u00f3gica Parque Villa-Lobos em Pinheiros: Informa\u00e7\u00f5es, endere\u00e7o e telefone. CLIQUE AQUI!\" \/>\n<meta name=\"robots\" content=\"index, follow, max-snippet:-1, max-image-preview:large, max-video-preview:-1\" \/>\n<link rel=\"canonical\" href=\"https:\/\/www.encontrapinheiros.com.br\/pinheiros\/crianca-ecologica-parque-villa-lobos\/\" \/>\n<meta property=\"og:locale\" content=\"pt_BR\" \/>\n<meta property=\"og:type\" content=\"article\" \/>\n<meta property=\"og:title\" content=\"Crian\u00e7a Ecol\u00f3gica Parque Villa-Lobos\" \/>\n<meta property=\"og:description\" content=\"Tudo sobre o Crian\u00e7a Ecol\u00f3gica Parque Villa-Lobos em Pinheiros: Informa\u00e7\u00f5es, endere\u00e7o e telefone. CLIQUE AQUI!\" \/>\n<meta property=\"og:url\" content=\"https:\/\/www.encontrapinheiros.com.br\/pinheiros\/crianca-ecologica-parque-villa-lobos\/\" \/>\n<meta property=\"og:site_name\" content=\"Encontra Pinheiros\" \/>\n<meta property=\"article:modified_time\" content=\"2017-06-22T14:05:35+00:00\" \/>\n<meta property=\"og:image\" content=\"http:\/\/www.encontrapinheiros.com.br\/pinheiros\/wp-content\/uploads\/2017\/05\/crianca-ecologica-parque-vi.jpg\" \/>\n<meta name=\"twitter:card\" content=\"summary_large_image\" \/>\n<meta name=\"twitter:label1\" content=\"Est. tempo de leitura\" \/>\n\t<meta name=\"twitter:data1\" content=\"1 minuto\" \/>\n<script type=\"application\/ld+json\" class=\"yoast-schema-graph\">{\"@context\":\"https:\/\/schema.org\",\"@graph\":[{\"@type\":\"WebPage\",\"@id\":\"https:\/\/www.encontrapinheiros.com.br\/pinheiros\/crianca-ecologica-parque-villa-lobos\/\",\"url\":\"https:\/\/www.encontrapinheiros.com.br\/pinheiros\/crianca-ecologica-parque-villa-lobos\/\",\"name\":\"Crian\u00e7a Ecol\u00f3gica Parque Villa-Lobos\",\"isPartOf\":{\"@id\":\"https:\/\/www.encontrapinheiros.com.br\/pinheiros\/#website\"},\"primaryImageOfPage\":{\"@id\":\"https:\/\/www.encontrapinheiros.com.br\/pinheiros\/crianca-ecologica-parque-villa-lobos\/#primaryimage\"},\"image\":{\"@id\":\"https:\/\/www.encontrapinheiros.com.br\/pinheiros\/crianca-ecologica-parque-villa-lobos\/#primaryimage\"},\"thumbnailUrl\":\"http:\/\/www.encontrapinheiros.com.br\/pinheiros\/wp-content\/uploads\/2017\/05\/crianca-ecologica-parque-vi.jpg\",\"datePublished\":\"2017-05-16T12:41:09+00:00\",\"dateModified\":\"2017-06-22T14:05:35+00:00\",\"description\":\"Tudo sobre o Crian\u00e7a Ecol\u00f3gica Parque Villa-Lobos em Pinheiros: Informa\u00e7\u00f5es, endere\u00e7o e telefone. CLIQUE AQUI!\",\"breadcrumb\":{\"@id\":\"https:\/\/www.encontrapinheiros.com.br\/pinheiros\/crianca-ecologica-parque-villa-lobos\/#breadcrumb\"},\"inLanguage\":\"pt-BR\",\"potentialAction\":[{\"@type\":\"ReadAction\",\"target\":[\"https:\/\/www.encontrapinheiros.com.br\/pinheiros\/crianca-ecologica-parque-villa-lobos\/\"]}]},{\"@type\":\"ImageObject\",\"inLanguage\":\"pt-BR\",\"@id\":\"https:\/\/www.encontrapinheiros.com.br\/pinheiros\/crianca-ecologica-parque-villa-lobos\/#primaryimage\",\"url\":\"http:\/\/www.encontrapinheiros.com.br\/pinheiros\/wp-content\/uploads\/2017\/05\/crianca-ecologica-parque-vi.jpg\",\"contentUrl\":\"http:\/\/www.encontrapinheiros.com.br\/pinheiros\/wp-content\/uploads\/2017\/05\/crianca-ecologica-parque-vi.jpg\"},{\"@type\":\"BreadcrumbList\",\"@id\":\"https:\/\/www.encontrapinheiros.com.br\/pinheiros\/crianca-ecologica-parque-villa-lobos\/#breadcrumb\",\"itemListElement\":[{\"@type\":\"ListItem\",\"position\":1,\"name\":\"In\u00edcio\",\"item\":\"https:\/\/www.encontrapinheiros.com.br\/pinheiros\/\"},{\"@type\":\"ListItem\",\"position\":2,\"name\":\"Crian\u00e7a Ecol\u00f3gica Parque Villa-Lobos em Pinheiros\"}]},{\"@type\":\"WebSite\",\"@id\":\"https:\/\/www.encontrapinheiros.com.br\/pinheiros\/#website\",\"url\":\"https:\/\/www.encontrapinheiros.com.br\/pinheiros\/\",\"name\":\"Encontra Pinheiros\",\"description\":\"Tudo sobre o bairro Pinheiros\",\"potentialAction\":[{\"@type\":\"SearchAction\",\"target\":{\"@type\":\"EntryPoint\",\"urlTemplate\":\"https:\/\/www.encontrapinheiros.com.br\/pinheiros\/?s={search_term_string}\"},\"query-input\":{\"@type\":\"PropertyValueSpecification\",\"valueRequired\":true,\"valueName\":\"search_term_string\"}}],\"inLanguage\":\"pt-BR\"}]}<\/script>\n<!-- \/ Yoast SEO plugin. -->","yoast_head_json":{"title":"Crian\u00e7a Ecol\u00f3gica Parque Villa-Lobos","description":"Tudo sobre o Crian\u00e7a Ecol\u00f3gica Parque Villa-Lobos em Pinheiros: Informa\u00e7\u00f5es, endere\u00e7o e telefone. CLIQUE AQUI!","robots":{"index":"index","follow":"follow","max-snippet":"max-snippet:-1","max-image-preview":"max-image-preview:large","max-video-preview":"max-video-preview:-1"},"canonical":"https:\/\/www.encontrapinheiros.com.br\/pinheiros\/crianca-ecologica-parque-villa-lobos\/","og_locale":"pt_BR","og_type":"article","og_title":"Crian\u00e7a Ecol\u00f3gica Parque Villa-Lobos","og_description":"Tudo sobre o Crian\u00e7a Ecol\u00f3gica Parque Villa-Lobos em Pinheiros: Informa\u00e7\u00f5es, endere\u00e7o e telefone. CLIQUE AQUI!","og_url":"https:\/\/www.encontrapinheiros.com.br\/pinheiros\/crianca-ecologica-parque-villa-lobos\/","og_site_name":"Encontra Pinheiros","article_modified_time":"2017-06-22T14:05:35+00:00","og_image":[{"url":"http:\/\/www.encontrapinheiros.com.br\/pinheiros\/wp-content\/uploads\/2017\/05\/crianca-ecologica-parque-vi.jpg","type":"","width":"","height":""}],"twitter_card":"summary_large_image","twitter_misc":{"Est. tempo de leitura":"1 minuto"},"schema":{"@context":"https:\/\/schema.org","@graph":[{"@type":"WebPage","@id":"https:\/\/www.encontrapinheiros.com.br\/pinheiros\/crianca-ecologica-parque-villa-lobos\/","url":"https:\/\/www.encontrapinheiros.com.br\/pinheiros\/crianca-ecologica-parque-villa-lobos\/","name":"Crian\u00e7a Ecol\u00f3gica Parque Villa-Lobos","isPartOf":{"@id":"https:\/\/www.encontrapinheiros.com.br\/pinheiros\/#website"},"primaryImageOfPage":{"@id":"https:\/\/www.encontrapinheiros.com.br\/pinheiros\/crianca-ecologica-parque-villa-lobos\/#primaryimage"},"image":{"@id":"https:\/\/www.encontrapinheiros.com.br\/pinheiros\/crianca-ecologica-parque-villa-lobos\/#primaryimage"},"thumbnailUrl":"http:\/\/www.encontrapinheiros.com.br\/pinheiros\/wp-content\/uploads\/2017\/05\/crianca-ecologica-parque-vi.jpg","datePublished":"2017-05-16T12:41:09+00:00","dateModified":"2017-06-22T14:05:35+00:00","description":"Tudo sobre o Crian\u00e7a Ecol\u00f3gica Parque Villa-Lobos em Pinheiros: Informa\u00e7\u00f5es, endere\u00e7o e telefone. CLIQUE AQUI!","breadcrumb":{"@id":"https:\/\/www.encontrapinheiros.com.br\/pinheiros\/crianca-ecologica-parque-villa-lobos\/#breadcrumb"},"inLanguage":"pt-BR","potentialAction":[{"@type":"ReadAction","target":["https:\/\/www.encontrapinheiros.com.br\/pinheiros\/crianca-ecologica-parque-villa-lobos\/"]}]},{"@type":"ImageObject","inLanguage":"pt-BR","@id":"https:\/\/www.encontrapinheiros.com.br\/pinheiros\/crianca-ecologica-parque-villa-lobos\/#primaryimage","url":"http:\/\/www.encontrapinheiros.com.br\/pinheiros\/wp-content\/uploads\/2017\/05\/crianca-ecologica-parque-vi.jpg","contentUrl":"http:\/\/www.encontrapinheiros.com.br\/pinheiros\/wp-content\/uploads\/2017\/05\/crianca-ecologica-parque-vi.jpg"},{"@type":"BreadcrumbList","@id":"https:\/\/www.encontrapinheiros.com.br\/pinheiros\/crianca-ecologica-parque-villa-lobos\/#breadcrumb","itemListElement":[{"@type":"ListItem","position":1,"name":"In\u00edcio","item":"https:\/\/www.encontrapinheiros.com.br\/pinheiros\/"},{"@type":"ListItem","position":2,"name":"Crian\u00e7a Ecol\u00f3gica Parque Villa-Lobos em Pinheiros"}]},{"@type":"WebSite","@id":"https:\/\/www.encontrapinheiros.com.br\/pinheiros\/#website","url":"https:\/\/www.encontrapinheiros.com.br\/pinheiros\/","name":"Encontra Pinheiros","description":"Tudo sobre o bairro Pinheiros","potentialAction":[{"@type":"SearchAction","target":{"@type":"EntryPoint","urlTemplate":"https:\/\/www.encontrapinheiros.com.br\/pinheiros\/?s={search_term_string}"},"query-input":{"@type":"PropertyValueSpecification","valueRequired":true,"valueName":"search_term_string"}}],"inLanguage":"pt-BR"}]}},"_links":{"self":[{"href":"https:\/\/www.encontrapinheiros.com.br\/pinheiros\/wp-json\/wp\/v2\/pages\/63920","targetHints":{"allow":["GET"]}}],"collection":[{"href":"https:\/\/www.encontrapinheiros.com.br\/pinheiros\/wp-json\/wp\/v2\/pages"}],"about":[{"href":"https:\/\/www.encontrapinheiros.com.br\/pinheiros\/wp-json\/wp\/v2\/types\/page"}],"author":[{"embeddable":true,"href":"https:\/\/www.encontrapinheiros.com.br\/pinheiros\/wp-json\/wp\/v2\/users\/1"}],"replies":[{"embeddable":true,"href":"https:\/\/www.encontrapinheiros.com.br\/pinheiros\/wp-json\/wp\/v2\/comments?post=63920"}],"version-history":[{"count":0,"href":"https:\/\/www.encontrapinheiros.com.br\/pinheiros\/wp-json\/wp\/v2\/pages\/63920\/revisions"}],"wp:attachment":[{"href":"https:\/\/www.encontrapinheiros.com.br\/pinheiros\/wp-json\/wp\/v2\/media?parent=63920"}],"curies":[{"name":"wp","href":"https:\/\/api.w.org\/{rel}","templated":true}]}}