{"id":63987,"date":"2017-05-17T15:17:42","date_gmt":"2017-05-17T18:17:42","guid":{"rendered":"http:\/\/www.encontrapinheiros.com.br\/pinheiros\/?page_id=63987"},"modified":"2017-08-07T21:07:57","modified_gmt":"2017-08-08T00:07:57","slug":"teatro-cultura-inglesa","status":"publish","type":"page","link":"https:\/\/www.encontrapinheiros.com.br\/pinheiros\/teatro-cultura-inglesa\/","title":{"rendered":"Teatro Cultura Inglesa em Pinheiros"},"content":{"rendered":"<p>Os palcos do <strong>Teatro Cultura Inglesa em Pinheiros<\/strong> recebem atra\u00e7\u00f5es variadas em portugu\u00eas e ingl\u00eas, como dan\u00e7a, musicais e pe\u00e7as teatrais.<\/p>\n<p>Al\u00e9m de escolas de ingl\u00eas, a <em>Cultura Inglesa<\/em> promove, como o pr\u00f3prio nome diz, a cultura inglesa. Durante o ano h\u00e1 diversas apresenta\u00e7\u00f5es de m\u00fasica, dan\u00e7a e teatro.<\/p>\n<p><img loading=\"lazy\" decoding=\"async\" class=\"alignnone wp-image-64191 \" title=\"Teatro Cultura Inglesa em Pinheiros\" src=\"http:\/\/www.encontrapinheiros.com.br\/pinheiros\/wp-content\/uploads\/2017\/05\/teatro-cultura-inglesa-pinh.jpg\" alt=\"Teatro Cultura Inglesa em Pinheiros\" width=\"640\" height=\"209\" srcset=\"https:\/\/www.encontrapinheiros.com.br\/pinheiros\/wp-content\/uploads\/2017\/05\/teatro-cultura-inglesa-pinh.jpg 579w, https:\/\/www.encontrapinheiros.com.br\/pinheiros\/wp-content\/uploads\/2017\/05\/teatro-cultura-inglesa-pinh-300x98.jpg 300w\" sizes=\"auto, (max-width: 640px) 100vw, 640px\" \/><\/p>\n<p>Os alunos tamb\u00e9m podem participar de apresenta\u00e7\u00f5es em festivais como o <em>Cultura Inglesa Festival<\/em>, o <em>Drama Festival<\/em> e o <em>Teen Festival.<\/em><\/p>\n<p>O <em>Drama Festival<\/em> \u00e9 um festival de pe\u00e7as em ingl\u00eas realizado anualmente no <em>Teatro da Cultura Inglesa em Pinheiros<\/em>. Com a atua\u00e7\u00e3o, produ\u00e7\u00e3o e dire\u00e7\u00e3o de alunos, ex-alunos e professores, incentiva um estudo mais aprofundado da l\u00edngua inglesa e pode servir como est\u00edmulo para se come\u00e7ar uma carreira de ator, diretor ou roteirista. Fora isso, o <em>Drama Festival<\/em> \u00e9 conhecido por seu car\u00e1ter social, criando v\u00ednculos eternos entre seus participantes, sejam eles meramente sociais ou at\u00e9 mesmo profissionais.<\/p>\n<h2>Escola de Ingl\u00eas Cultura Inglesa<\/h2>\n<p>Localizada no mesmo endere\u00e7o que o<em> Teatro Cultura Inglesa<\/em> se encontra a famosa escola de ingl\u00eas da <em>Cultura Inglesa<\/em>.<\/p>\n<p>Ingl\u00eas com cultura, tecnologia e, principalmente, excel\u00eancia acad\u00eamica. Estes s\u00e3o os pilares do trabalho desenvolvido pela <em>Cultura Inglesa<\/em>, a maior escola de ingl\u00eas sem franquias do Brasil, que atua h\u00e1 80 anos no mercado.<\/p>\n<p>Milhares de estudantes brasileiros adquiriram, na pr\u00e1tica, muito mais do que um novo idioma. Aprenderam a vivenciar o ingl\u00eas, ao mergulhar no universo da cultura brit\u00e2nica.<\/p>\n<h3>Hor\u00e1rio de Funcionamento Teatro Cultura Inglesa<\/h3>\n<ul>\n<li>A bilheteria abre 1h antes dos espet\u00e1culos<\/li>\n<li>O hor\u00e1rio de funcionamento varia de acordo com o espet\u00e1culo em cartaz<\/li>\n<\/ul>\n<h3>Endere\u00e7o e Telefone Teatro Cultura Inglesa Pinheiros<\/h3>\n<ul>\n<li>Rua Deputado Lacerda Franco, 333, Pinheiros &#8211; S\u00e3o Paulo &#8211; SP<\/li>\n<li>Telefone: (11) 3032-4888 \/\u00a03814-0100<\/li>\n<\/ul>\n<h4>Outras Informa\u00e7\u00f5es:<\/h4>\n<ul>\n<li>Veja no mesmo endere\u00e7o a Escola de Ingl\u00eas <span style=\"text-decoration: underline;\"><a href=\"http:\/\/www.encontrapinheiros.com.br\/pinheiros\/cultura-inglesa-pinheiros\/\">Cultura Inglesa<\/a><\/span><\/li>\n<\/ul>\n<h4>Mapa de localiza\u00e7\u00e3o:<\/h4>\n<a class=\"wp-colorbox-iframe\" href=\"https:\/\/www.google.com\/maps\/embed?pb=!1m14!1m8!1m3!1d14628.683902510455!2d-46.6915931!3d-23.5623021!3m2!1i1024!2i768!4f13.1!3m3!1m2!1s0x00x581e7b8f5090aacf!2sTeatro+Cultura+Inglesa!5e0!3m2!1spt-BR!2sbr!4v1495466689273\"><img decoding=\"async\" src=\"http:\/\/www.encontrapinheiros.com.br\/pinheiros\/wp-content\/uploads\/2017\/05\/mapa5-e1494875223595.png\"><\/a>\n","protected":false},"excerpt":{"rendered":"<p>Os palcos do Teatro Cultura Inglesa em Pinheiros recebem atra\u00e7\u00f5es variadas em portugu\u00eas e ingl\u00eas, como dan\u00e7a, musicais e pe\u00e7as teatrais. Al\u00e9m de escolas de ingl\u00eas, a Cultura Inglesa promove, como o pr\u00f3prio nome diz, a cultura inglesa. Durante o ano h\u00e1 diversas apresenta\u00e7\u00f5es de m\u00fasica, dan\u00e7a e teatro. Os alunos tamb\u00e9m podem participar de apresenta\u00e7\u00f5es em festivais como o Cultura Inglesa Festival, o Drama Festival e o Teen Festival. O Drama Festival \u00e9 um festival de pe\u00e7as em ingl\u00eas realizado anualmente no Teatro da Cultura Inglesa em Pinheiros. Com a atua\u00e7\u00e3o, produ\u00e7\u00e3o e dire\u00e7\u00e3o de alunos, ex-alunos e professores, <\/p>\n","protected":false},"author":1,"featured_media":0,"parent":0,"menu_order":0,"comment_status":"open","ping_status":"closed","template":"","meta":{"footnotes":""},"class_list":["post-63987","page","type-page","status-publish","hentry"],"yoast_head":"<!-- This site is optimized with the Yoast SEO plugin v26.9 - https:\/\/yoast.com\/product\/yoast-seo-wordpress\/ -->\n<title>Teatro Cultura Inglesa em Pinheiros: Telefone &amp; Endere\u00e7o<\/title>\n<meta name=\"description\" content=\"Veja sobre o ( TEATRO CULTURA INGLESA EM PINHEIROS ) - Informa\u00e7\u00f5es, hor\u00e1rio de funcionamento, endere\u00e7o e telefone. CLIQUE AQUI!\" \/>\n<meta name=\"robots\" content=\"index, follow, max-snippet:-1, max-image-preview:large, max-video-preview:-1\" \/>\n<link rel=\"canonical\" href=\"https:\/\/www.encontrapinheiros.com.br\/pinheiros\/teatro-cultura-inglesa\/\" \/>\n<meta property=\"og:locale\" content=\"pt_BR\" \/>\n<meta property=\"og:type\" content=\"article\" \/>\n<meta property=\"og:title\" content=\"Teatro Cultura Inglesa em Pinheiros: Telefone &amp; Endere\u00e7o\" \/>\n<meta property=\"og:description\" content=\"Veja sobre o ( TEATRO CULTURA INGLESA EM PINHEIROS ) - Informa\u00e7\u00f5es, hor\u00e1rio de funcionamento, endere\u00e7o e telefone. CLIQUE AQUI!\" \/>\n<meta property=\"og:url\" content=\"https:\/\/www.encontrapinheiros.com.br\/pinheiros\/teatro-cultura-inglesa\/\" \/>\n<meta property=\"og:site_name\" content=\"Encontra Pinheiros\" \/>\n<meta property=\"article:modified_time\" content=\"2017-08-08T00:07:57+00:00\" \/>\n<meta property=\"og:image\" content=\"http:\/\/www.encontrapinheiros.com.br\/pinheiros\/wp-content\/uploads\/2017\/05\/teatro-cultura-inglesa-pinh.jpg\" \/>\n<meta name=\"twitter:card\" content=\"summary_large_image\" \/>\n<meta name=\"twitter:label1\" content=\"Est. tempo de leitura\" \/>\n\t<meta name=\"twitter:data1\" content=\"2 minutos\" \/>\n<script type=\"application\/ld+json\" class=\"yoast-schema-graph\">{\"@context\":\"https:\/\/schema.org\",\"@graph\":[{\"@type\":\"WebPage\",\"@id\":\"https:\/\/www.encontrapinheiros.com.br\/pinheiros\/teatro-cultura-inglesa\/\",\"url\":\"https:\/\/www.encontrapinheiros.com.br\/pinheiros\/teatro-cultura-inglesa\/\",\"name\":\"Teatro Cultura Inglesa em Pinheiros: Telefone & Endere\u00e7o\",\"isPartOf\":{\"@id\":\"https:\/\/www.encontrapinheiros.com.br\/pinheiros\/#website\"},\"primaryImageOfPage\":{\"@id\":\"https:\/\/www.encontrapinheiros.com.br\/pinheiros\/teatro-cultura-inglesa\/#primaryimage\"},\"image\":{\"@id\":\"https:\/\/www.encontrapinheiros.com.br\/pinheiros\/teatro-cultura-inglesa\/#primaryimage\"},\"thumbnailUrl\":\"http:\/\/www.encontrapinheiros.com.br\/pinheiros\/wp-content\/uploads\/2017\/05\/teatro-cultura-inglesa-pinh.jpg\",\"datePublished\":\"2017-05-17T18:17:42+00:00\",\"dateModified\":\"2017-08-08T00:07:57+00:00\",\"description\":\"Veja sobre o ( TEATRO CULTURA INGLESA EM PINHEIROS ) - Informa\u00e7\u00f5es, hor\u00e1rio de funcionamento, endere\u00e7o e telefone. CLIQUE AQUI!\",\"breadcrumb\":{\"@id\":\"https:\/\/www.encontrapinheiros.com.br\/pinheiros\/teatro-cultura-inglesa\/#breadcrumb\"},\"inLanguage\":\"pt-BR\",\"potentialAction\":[{\"@type\":\"ReadAction\",\"target\":[\"https:\/\/www.encontrapinheiros.com.br\/pinheiros\/teatro-cultura-inglesa\/\"]}]},{\"@type\":\"ImageObject\",\"inLanguage\":\"pt-BR\",\"@id\":\"https:\/\/www.encontrapinheiros.com.br\/pinheiros\/teatro-cultura-inglesa\/#primaryimage\",\"url\":\"http:\/\/www.encontrapinheiros.com.br\/pinheiros\/wp-content\/uploads\/2017\/05\/teatro-cultura-inglesa-pinh.jpg\",\"contentUrl\":\"http:\/\/www.encontrapinheiros.com.br\/pinheiros\/wp-content\/uploads\/2017\/05\/teatro-cultura-inglesa-pinh.jpg\"},{\"@type\":\"BreadcrumbList\",\"@id\":\"https:\/\/www.encontrapinheiros.com.br\/pinheiros\/teatro-cultura-inglesa\/#breadcrumb\",\"itemListElement\":[{\"@type\":\"ListItem\",\"position\":1,\"name\":\"In\u00edcio\",\"item\":\"https:\/\/www.encontrapinheiros.com.br\/pinheiros\/\"},{\"@type\":\"ListItem\",\"position\":2,\"name\":\"Teatro Cultura Inglesa em Pinheiros\"}]},{\"@type\":\"WebSite\",\"@id\":\"https:\/\/www.encontrapinheiros.com.br\/pinheiros\/#website\",\"url\":\"https:\/\/www.encontrapinheiros.com.br\/pinheiros\/\",\"name\":\"Encontra Pinheiros\",\"description\":\"Tudo sobre o bairro Pinheiros\",\"potentialAction\":[{\"@type\":\"SearchAction\",\"target\":{\"@type\":\"EntryPoint\",\"urlTemplate\":\"https:\/\/www.encontrapinheiros.com.br\/pinheiros\/?s={search_term_string}\"},\"query-input\":{\"@type\":\"PropertyValueSpecification\",\"valueRequired\":true,\"valueName\":\"search_term_string\"}}],\"inLanguage\":\"pt-BR\"}]}<\/script>\n<!-- \/ Yoast SEO plugin. -->","yoast_head_json":{"title":"Teatro Cultura Inglesa em Pinheiros: Telefone & Endere\u00e7o","description":"Veja sobre o ( TEATRO CULTURA INGLESA EM PINHEIROS ) - Informa\u00e7\u00f5es, hor\u00e1rio de funcionamento, endere\u00e7o e telefone. CLIQUE AQUI!","robots":{"index":"index","follow":"follow","max-snippet":"max-snippet:-1","max-image-preview":"max-image-preview:large","max-video-preview":"max-video-preview:-1"},"canonical":"https:\/\/www.encontrapinheiros.com.br\/pinheiros\/teatro-cultura-inglesa\/","og_locale":"pt_BR","og_type":"article","og_title":"Teatro Cultura Inglesa em Pinheiros: Telefone & Endere\u00e7o","og_description":"Veja sobre o ( TEATRO CULTURA INGLESA EM PINHEIROS ) - Informa\u00e7\u00f5es, hor\u00e1rio de funcionamento, endere\u00e7o e telefone. CLIQUE AQUI!","og_url":"https:\/\/www.encontrapinheiros.com.br\/pinheiros\/teatro-cultura-inglesa\/","og_site_name":"Encontra Pinheiros","article_modified_time":"2017-08-08T00:07:57+00:00","og_image":[{"url":"http:\/\/www.encontrapinheiros.com.br\/pinheiros\/wp-content\/uploads\/2017\/05\/teatro-cultura-inglesa-pinh.jpg","type":"","width":"","height":""}],"twitter_card":"summary_large_image","twitter_misc":{"Est. tempo de leitura":"2 minutos"},"schema":{"@context":"https:\/\/schema.org","@graph":[{"@type":"WebPage","@id":"https:\/\/www.encontrapinheiros.com.br\/pinheiros\/teatro-cultura-inglesa\/","url":"https:\/\/www.encontrapinheiros.com.br\/pinheiros\/teatro-cultura-inglesa\/","name":"Teatro Cultura Inglesa em Pinheiros: Telefone & Endere\u00e7o","isPartOf":{"@id":"https:\/\/www.encontrapinheiros.com.br\/pinheiros\/#website"},"primaryImageOfPage":{"@id":"https:\/\/www.encontrapinheiros.com.br\/pinheiros\/teatro-cultura-inglesa\/#primaryimage"},"image":{"@id":"https:\/\/www.encontrapinheiros.com.br\/pinheiros\/teatro-cultura-inglesa\/#primaryimage"},"thumbnailUrl":"http:\/\/www.encontrapinheiros.com.br\/pinheiros\/wp-content\/uploads\/2017\/05\/teatro-cultura-inglesa-pinh.jpg","datePublished":"2017-05-17T18:17:42+00:00","dateModified":"2017-08-08T00:07:57+00:00","description":"Veja sobre o ( TEATRO CULTURA INGLESA EM PINHEIROS ) - Informa\u00e7\u00f5es, hor\u00e1rio de funcionamento, endere\u00e7o e telefone. CLIQUE AQUI!","breadcrumb":{"@id":"https:\/\/www.encontrapinheiros.com.br\/pinheiros\/teatro-cultura-inglesa\/#breadcrumb"},"inLanguage":"pt-BR","potentialAction":[{"@type":"ReadAction","target":["https:\/\/www.encontrapinheiros.com.br\/pinheiros\/teatro-cultura-inglesa\/"]}]},{"@type":"ImageObject","inLanguage":"pt-BR","@id":"https:\/\/www.encontrapinheiros.com.br\/pinheiros\/teatro-cultura-inglesa\/#primaryimage","url":"http:\/\/www.encontrapinheiros.com.br\/pinheiros\/wp-content\/uploads\/2017\/05\/teatro-cultura-inglesa-pinh.jpg","contentUrl":"http:\/\/www.encontrapinheiros.com.br\/pinheiros\/wp-content\/uploads\/2017\/05\/teatro-cultura-inglesa-pinh.jpg"},{"@type":"BreadcrumbList","@id":"https:\/\/www.encontrapinheiros.com.br\/pinheiros\/teatro-cultura-inglesa\/#breadcrumb","itemListElement":[{"@type":"ListItem","position":1,"name":"In\u00edcio","item":"https:\/\/www.encontrapinheiros.com.br\/pinheiros\/"},{"@type":"ListItem","position":2,"name":"Teatro Cultura Inglesa em Pinheiros"}]},{"@type":"WebSite","@id":"https:\/\/www.encontrapinheiros.com.br\/pinheiros\/#website","url":"https:\/\/www.encontrapinheiros.com.br\/pinheiros\/","name":"Encontra Pinheiros","description":"Tudo sobre o bairro Pinheiros","potentialAction":[{"@type":"SearchAction","target":{"@type":"EntryPoint","urlTemplate":"https:\/\/www.encontrapinheiros.com.br\/pinheiros\/?s={search_term_string}"},"query-input":{"@type":"PropertyValueSpecification","valueRequired":true,"valueName":"search_term_string"}}],"inLanguage":"pt-BR"}]}},"_links":{"self":[{"href":"https:\/\/www.encontrapinheiros.com.br\/pinheiros\/wp-json\/wp\/v2\/pages\/63987","targetHints":{"allow":["GET"]}}],"collection":[{"href":"https:\/\/www.encontrapinheiros.com.br\/pinheiros\/wp-json\/wp\/v2\/pages"}],"about":[{"href":"https:\/\/www.encontrapinheiros.com.br\/pinheiros\/wp-json\/wp\/v2\/types\/page"}],"author":[{"embeddable":true,"href":"https:\/\/www.encontrapinheiros.com.br\/pinheiros\/wp-json\/wp\/v2\/users\/1"}],"replies":[{"embeddable":true,"href":"https:\/\/www.encontrapinheiros.com.br\/pinheiros\/wp-json\/wp\/v2\/comments?post=63987"}],"version-history":[{"count":0,"href":"https:\/\/www.encontrapinheiros.com.br\/pinheiros\/wp-json\/wp\/v2\/pages\/63987\/revisions"}],"wp:attachment":[{"href":"https:\/\/www.encontrapinheiros.com.br\/pinheiros\/wp-json\/wp\/v2\/media?parent=63987"}],"curies":[{"name":"wp","href":"https:\/\/api.w.org\/{rel}","templated":true}]}}